 Let h(y) = y**3 - 1 + 3*y**t + 19549*y - 19550*y. Give h(-1).
-4
Suppose -2*l + 4*f - 1472 = 0, 5*l + 38*f = 39*f - 3653. Let i = l - -745. Let g(y) = y**2 - 15*y - 5. Give g(i).
-5
Let a = -11219 + 11237. Let i(w) = w + 20. Give i(a).
38
Let k(z) be the first derivative of -z**4/6 + 5*z**3/6 + z**2/2 - z + 2. Let h(y) be the first derivative of k(y). Let w be (16 - 112/14) + (-1 - 3). Give h(w).
-11
Let w(l) = -l**2 - 41*l - 79. Let h be w(-37). Suppose -30*j + 7*j - h = 0. Let c(v) = 2*v**3 + 4*v**2 - 2*v**2 + v**2 - v + 4. What is c(j)?
-20
Let k(s) be the second derivative of -s**5/20 + 3*s**4/4 + 7*s**3/2 + 3*s**2/2 - 22*s + 1. Let f be k(11). Let w(p) = p - 1. Determine w(f).
-9
Let h(p) = -4*p**2 + 2*p + 2. Suppose 5*i + 141 = 686. Let q = -108 + i. Suppose 0 = -6*x + q + 11. Calculate h(x).
-10
Suppose -215*k + 12 = -227*k. Let u(w) = -6*w**3 - 4*w**2 - 4. Let t(y) = 28*y**3 + 21*y**2 + 21. Let d(m) = 4*t(m) + 21*u(m). Determine d(k).
14
Let l(g) = 0 - 6 + 1 - 6 - 3*g + 0*g. Determine l(3).
-20
Let j(a) = -a - 13. Suppose 99 = 2*c + 47. Suppose c = -28*b - 86. Give j(b).
-9
Suppose 2*x = -5*m - 53, -4*m + 5*m + 19 = -x. Let w(z) = 0*z + z**2 + 18*z**2 + z**3 - 5*z**2 + 4 + z. Determine w(x).
-10
Let u be (-443)/(-9) - 4*(-4)/(-72). Let w(t) = -u*t**2 - 3*t + 102*t**2 - 54*t**2. Let c = 170 + -172. Give w(c).
2
Let h(v) be the second derivative of -v**3/2 + v**2/2 - v. Suppose 1033*t - 98 = 1026*t. Suppose 0 = 2*p + 5*l + t, 10*p + 4*l + 6 = 11*p. Calculate h(p).
7
Let w(l) = l**2 - 6*l - 2. Let v(u) = u**3 + 8*u**2 + 11*u. Suppose -9*d - 135 = -81. Let n be v(d). Calculate w(n).
-2
Let w(o) = -158*o + 65 - 743*o**2 + 742*o**2 + 168*o. What is w(15)?
-10
Let d(j) = -j**2 + 16. Let a = -5840 + 5834. Determine d(a).
-20
Suppose -3*i + 4*i + 1 = 4*m, -5*i + 5*m = 5. Let w(n) = -n - 1. Let k(o) = -2*o - 1. Let c(h) = i*k(h) + w(h). Suppose -208*t = 36*t - 20*t. Determine c(t).
0
Let m(v) = 130*v + 79. Let p(j) = -111*j - 78. Let b(s) = -5*m(s) - 6*p(s). Determine b(-5).
-7
Let d be (1 + (-81)/(-3))/((-2)/(-4)). Let f = d + -62. Let g(y) = y**3 + 6*y**2 + y - 1. Determine g(f).
-7
Let i(c) = -c**3 - 6*c**2 - 4*c - 7. Suppose -145 = 30*l + 5. What is i(l)?
-12
Let v(n) = -n**3 + 28*n**2 - 54*n + 52. Let o be v(26). Let l(z) be the second derivative of o + 1/3*z**3 - 1/12*z**4 - 5*z + 0*z**2. Give l(2).
0
Let x(s) = -4*s**3 - 4*s**2 - s + 2. Let h(c) = c**2 + 21*c + 102. Let d be h(-8). Calculate x(d).
20
Let x(u) = u**2 - 7*u - 1. Suppose 5*i = j + 41, j + 29 = 23. What is x(i)?
-1
Let l(o) = o**3 + 5*o**2 + 8*o + 3. Let x be ((-608)/(-96) + -5)/(2/(-6)). Calculate l(x).
-13
Let o(d) be the third derivative of d**4/24 + d**3/3 + 35*d**2. Let v be o(11). Let n(s) = -s**3 + 14*s**2 - 13*s - 10. Determine n(v).
-10
Let r be (0 + 4)*-2 - 9 - 10. Let c(u) = u**3 + 28*u**2 + 25*u - 66. Give c(r).
-12
Let d(s) = 3*s - 2*s - 5 + 11 - 5*s. Suppose -f = 3*u - 8, -f + 6 = u - 4*f. Let k be d(u). Let y(p) = -p**2 - 9*p - 8. Calculate y(k).
10
Let q be (-45)/(-3) + (46 - 57). Let g(h) = h**2 - 16. Give g(q).
0
Let m(x) = x**3 - 7*x**2 + 10*x + 5. Let b be m(5). Suppose -b*j + 13 = -w + 30, -5*w + 19 = -3*j. Let f(g) = g - 8. What is f(w)?
-6
Let q(c) = c - 12. Let k = 3103 - 3097. Give q(k).
-6
Let l(k) = 21*k**3 + 5*k**2 + k - 21. Let c be l(3). Let n(q) = -1196*q + 595*q + c*q. What is n(2)?
-14
Let g(o) = 97*o**2 + 57*o + 166. Let t(z) = 59*z**2 + 34*z + 100. Let p(m) = -14*g(m) + 23*t(m). Give p(-11).
31
Suppose 4 = 5*z + 69. Let u = z - -14. Let k(m) be the third derivative of m**6/60 + m**5/30 - m**4/24 + 442*m**2. Determine k(u).
3
Suppose 10*b = -2*b - 144. Let s be (7 - (4 - 1)) + b. Let r(t) = -t**2 - 11*t - 8. What is r(s)?
16
Suppose 8 = 3*s - 7. Let g be (-252)/180 + 7/s + -1. Let o(n) = -4*n**3 + n. Determine o(g).
3
Let s(b) = 9*b**2 - 4*b + 21. Let r(a) = -5*a**2 + 2*a - 11. Let o(m) = -11*r(m) - 6*s(m). Let g = 14 - 18. Let w be 3 + (56/2)/g. What is o(w)?
3
Let w(l) = l**2 + 11*l + 5. Let q(g) be the second derivative of -g**4/6 - 7*g**3/3 - 5*g**2 - 4*g - 4. Let j be q(-7). What is w(j)?
-5
Let m(f) be the third derivative of f**4/2 - 7*f**3/2 + 12*f**2 - 3*f - 8. Calculate m(7).
63
Let z(f) be the first derivative of 4*f**2 + 5*f + 779. Determine z(-3).
-19
Let h(b) be the second derivative of b**5/20 + 29*b**4/12 + 14*b**3/3 - 9*b**2 + 272*b. Give h(-28).
-18
Let h = 842 - 809. Let q(i) = h*i + 8*i**2 - 24*i - 9*i**2 - 16*i - 10. Calculate q(-5).
0
Let y(h) = -2*h + 53*h - 3 - 28*h - 22*h. Determine y(8).
5
Let j be 13/((12/(-9))/(-4)). Let g = 167 - 151. Let x(b) = -j + b**2 + g + 22. Determine x(-3).
8
Let l(p) = -1. Let o(n) = -3*n**2 + 19*n - 271. Let h(x) = -2*l(x) + o(x). Let k(y) be the first derivative of h(y). Calculate k(4).
-5
Let m(d) = -d**2 + 51*d + 101. Suppose 98*n - 4045 - 1149 = 0. Give m(n).
-5
Let a(t) be the second derivative of 0 + 1/720*t**6 + 0*t**3 + 5/2*t**4 - 4*t - 1/30*t**5 + 0*t**2. Let c(y) be the third derivative of a(y). Calculate c(-4).
-8
Let p(u) = -u**2 - 14*u + 120. Let h be p(-20). Let m be 2/(-3) - 46/(-6). Let o be m/(-1) + h/3. Let f(n) = n + 1. Determine f(o).
-6
Let o(q) = 7965 + 5*q + 2*q**2 - 7957 - q. What is o(-5)?
38
Let y(a) = a + 2. Let s(r) = 39*r**3 - 2*r**2 + 1. Let x be s(1). Let w(f) = -f**3 + 29*f**2 - 35*f + 162. Let m be w(28). Let o = m + x. What is y(o)?
6
Let w(p) = 70*p + 20*p**2 - 4*p + p**3 - 69*p - 79. Determine w(-20).
-19
Let s(h) = h**2 - 3. Let a be s(-3). Let d(r) be the second derivative of -r**3/2 - 3*r - 11530. Calculate d(a).
-18
Let l(h) = -9*h + 78. Let w(n) = -42 + 19 - 2*n + 23. Let m(i) = -l(i) + 9*w(i). Let j be m(-8). Let v(a) = -a - 1. What is v(j)?
5
Let z be 3/(-2)*(-4)/3. Let h be ((-4)/7)/(114/(-56) - -2). Let b(q) = -6 - q - h*q - 6*q**2 + 21*q + 4*q**2 + 3 - 2*q**3. What is b(z)?
-19
Let u(g) = g**3 - 18*g**2 - 30*g + 216. Let r be u(19). Let w(p) = -p**2 + 6*p + 7. Calculate w(r).
0
Suppose c = i - 2, -c + 12 = 213*i - 212*i. Let b(w) = 153*w - 763. Determine b(c).
2
Let v = -207 + 140. Let l = -63 - v. Let g(y) = -y + 173*y**2 - l*y + 4 - 174*y**2. What is g(-6)?
-2
Let w(k) = 151*k + 43. Let d(t) = 27*t + 8. Let n(f) = 22*d(f) - 4*w(f). Determine n(-4).
44
Let k(n) = 2*n**2 - 2*n. Let g be -2*(79/2 - 0/11). Let q = g + 12. Let y = q - -71. Calculate k(y).
24
Let n(g) = -9*g - 9. Let o be n(18). Let h = o + 169. Let j(d) = d**2 - 3*d - 2. What is j(h)?
8
Let a(q) be the third derivative of q**6/120 - 4*q**5/15 + 23*q**4/12 - 29*q**3/2 + 11570*q**2. What is a(13)?
4
Let v(x) = x + x**2 + 1 - 5*x**3 + 3 - 3. Suppose 12 = -4*s, -3*m + 5*s + 24 = s. Suppose m*o - 3*b + 4 = 0, 5*o - b + 5 = 3*b. What is v(o)?
6
Let i(k) be the third derivative of -k**4/24 - k**2. Let r(m) = m**3 + 5*m**2 + 5*m + 27. Let w be (-15)/12*-1*(-13 + 9). Let v be r(w). What is i(v)?
-2
Let g be 2 - 0*(27/6 + -4). Let v(s) = -172*s**2 - 5*s - 179*s**g - 3*s + 357*s**2 + s**3. Determine v(-7).
7
Let p(j) be the third derivative of j**5/60 + j**4/2 - 23*j**3/6 - 542*j**2 + j. Calculate p(-14).
5
Suppose 61 = z + 63. Let f(r) = r**3 + 8*r**2 + 8*r + 7. Let a be f(-7). Let s(t) = -6*t**2 + a*t**2 + 3*t**2. Give s(z).
-12
Let y(p) = -10*p - 3. Let f be y(-1). Let i(b) = 8*b - 26*b - b**2 + f*b - 4. Determine i(-7).
24
Let b(u) = -20*u - 3. Let q be b(-1). Let l(s) = 11 + q - 31 - s. Calculate l(-2).
-1
Let b(j) = -j**3 + 13*j + 18. Let y(g) = -g**2 - 112*g + 2788. Let c be y(21). Determine b(c).
78
Let a(d) = d**2 - 8*d + 6. Suppose -2*n = x - 65, 0*x - 260 = -5*x + 3*n. Let w = -50 + x. Suppose -w*t + 16 = -4. Calculate a(t).
-10
Let r = -63926 - -63927. Let t(j) be the third derivative of -j**5/4 + j**4/24 - j**3/6 + j**2. Determine t(r).
-15
Let i(p) = 2*p - 4. Let c be i(5). Let k(u) = -4*u. Let q(s) = s. Let a(l) = -11*l - 2. Let f(w) = -a(w) - 6*q(w). Let r(n) = -3*f(n) - 4*k(n). Determine r(c).
0
Suppose -3*u = -0*u - 297. Let h be 66/u*(-1 + 0 + 4). Let a(p) = -21*p + 3. Give a(h).
-39
Let x = 21 + -8. Let h = -14 + x. Let p(s) = -10 + 29 - 3*s**2 - 9 - 9. What is p(h)?
-2
Let g = 146 + 93. Let k = g - 245. Let p(i) = -i**3 - 6*i**2 + 5. Determine p(k).
5
Suppose 111 = -4*m + m. Let z = m - -43. Let g(n) = -z*n + 7*n**2 - 2*n**2 - 4*n**2 + 4. Calculate g(3).
-5
Let w